test common divisor of 15 and 10885140.
15
What is the greatest common divisor of 44128 and 168?
56
Calculate the greatest common divisor of 13394 and 362.
362
Calculate the greatest common divisor of 10 and 1206.
2
Calculate the greatest common factor of 736 and 16608.
32
What is the highest common divisor of 51086 and 7749?
287
Calculate the greatest common divisor of 3165 and 210156.
633
What is the highest common divisor of 789905 and 85?
85
Calculate the greatest common divisor of 7613776 and 64.
16
Calculate the greatest common divisor of 1302 and 3374.
14
What is the greatest common factor of 720 and 53670?
30
What is the greatest common divisor of 277186 and 182?
182
What is the highest common divisor of 3450668 and 52?
52
Calculate the highest common factor of 10 and 30886.
2
Calculate the greatest common factor of 24585 and 57663.
447
What is the highest common factor of 1458 and 4500?
18
What is the highest common factor of 264 and 43912?
88
Calculate the greatest common factor of 15826 and 27406.
386
Calculate the greatest common divisor of 937 and 246431.
937
Calculate the highest common factor of 208 and 616200.
104
Calculate the greatest common divisor of 4675 and 326975.
275
What is the greatest common divisor of 194030 and 10?
10
Calculate the greatest common factor of 93 and 2440041.
93
What is the highest common factor of 18135 and 156?
39
What is the greatest common divisor of 2972996 and 260?
52
What is the greatest common divisor of 41612 and 808?
404
What is the greatest common divisor of 1355 and 985?
5
What is the greatest common divisor of 36354 and 8760?
438
Calculate the greatest common divisor of 6080 and 3515.
95
Calculate the highest common factor of 31376 and 2438.
106
What is the highest common factor of 4412 and 8?
4
Calculate the highest common factor of 94 and 120226.
94
What is the highest common divisor of 10668 and 140?
28
Calculate the highest common factor of 546 and 15054.
78
What is the highest common factor of 840 and 115500?
420
What is the highest common factor of 17195 and 1005?
5
Calculate the greatest common factor of 56887 and 43625.
349
Calculate the highest common divisor of 23018 and 1439302.
1354
Calculate the greatest common divisor of 2 and 25005.
1
What is the greatest common divisor of 274552 and 24?
8
Calculate the greatest common divisor of 460 and 7948.
4
What is the highest common factor of 1864 and 5624?
8
What is the greatest common divisor of 381788 and 220?
44
What is the greatest common divisor of 111940 and 100?
20
Calculate the highest common divisor of 260 and 163735.
65
What is the highest common divisor of 764973 and 187?
11
Calculate the greatest common factor of 4928 and 28672.
448
What is the highest common divisor of 146835 and 39?
39
Calculate the greatest common factor of 120 and 18555.
15
What is the highest common factor of 4720 and 52805?
295
Calculate the greatest common divisor of 214833 and 893.
19
What is the highest common divisor of 506007 and 351?
27
What is the greatest common divisor of 41472 and 2340?
36
Calculate the highest common factor of 294 and 2786.
14
Calculate the greatest common factor of 245 and 616273.
49
Calculate the highest common divisor of 22092 and 7392.
84
Calculate the highest common divisor of 138240 and 9840.
240
What is the greatest common divisor of 2613 and 82812?
201
What is the highest common divisor of 18 and 9943308?
18
Calculate the highest common divisor of 32 and 340192.
32
What is the greatest common divisor of 3 and 43383?
3
What is the highest common divisor of 784453 and 265?
53
Calculate the highest common factor of 2552 and 156136.
232
Calculate the highest common factor of 51 and 197727.
51
What is the greatest common factor of 52212 and 192?
12
Calculate the highest common factor of 304 and 27436.
76
What is the highest common divisor of 2376 and 180?
36
Calculate the highest common divisor of 1945 and 97639.
389
What is the highest common divisor of 31653 and 6?
3
Calculate the highest common divisor of 624 and 5070.
78
What is the greatest common factor of 106400 and 280?
280
Calculate the greatest common divisor of 132 and 217356.
12
What is the greatest common factor of 3051 and 432?
27
What is the highest common factor of 255 and 72465?
15
Calculate the highest common factor of 228 and 67887.
57
Calculate the highest common divisor of 5706 and 5742.
18
What is the greatest common divisor of 8 and 10011696?
8
What is the greatest common divisor of 255 and 103989?
51
Calculate the highest common factor of 43434 and 401574.
762
What is the highest common divisor of 86 and 208?
2
What is the greatest common factor of 700 and 79450?
350
Calculate the highest common factor of 283649 and 116.
29
What is the greatest common factor of 544 and 25976?
136
What is the highest common factor of 1323 and 2254?
49
Calculate the highest common factor of 4092 and 181536.
372
Calculate the highest common divisor of 663 and 769301.
221
Calculate the highest common factor of 67104 and 576.
288
Calculate the greatest common factor of 56 and 79000.
8
Calculate the highest common divisor of 5567 and 19.
19
Calculate the highest common divisor of 747 and 5893.
83
Calculate the greatest common factor of 1715 and 23905.
35
Calculate the highest common factor of 24 and 669756.
12
Calculate the greatest common divisor of 222166 and 196.
98
What is the greatest common divisor of 531168 and 1320?
264
What is the highest common factor of 7067 and 2483?
191
Calculate the greatest common factor of 3796 and 78548.
292
What is the greatest common factor of 1324 and 12?
4
What is the greatest common divisor of 3081 and 19197?
237
What is the highest common factor of 85 and 25687?
17
Calculate the highest common factor of 70 and 38890.
10
What is the greatest common divisor of 215 and 99115?
215
What is the highest common factor of 2613 and 104?
13
What is the greatest common divisor of 338184 and 3564?
396
Calculate the greatest common divisor of 204 and 87618.
102
Calculate the greatest common factor of 4 and 766276.
4
What is the greatest common factor of 497 and 4179?
7
Calculate the greatest common factor of 237 and 8649789.
237
What is the highest common divisor of 534 and 1296?
6
What is the highest common factor of 85 and 3552881?
17
What is the highest common divisor of 641836 and 221?
13
Calculate the greatest common divisor of 79 and 107598.
79
What is the greatest common factor of 2853 and 45?
9
Calculate the highest common divisor of 7650 and 2397.
51
Calculate the greatest common divisor of 91 and 1029301.
91
What is the highest common divisor of 286 and 37092?
22
Calculate the greatest common divisor of 31 and 91667.
31
Calculate the greatest common factor of 141273 and 12375.
99
Calculate the highest common factor of 1192 and 835741.
149
What is the highest common divisor of 65 and 2856620?
65
Calculate the highest common factor of 946 and 1628539.
473
Calculate the greatest common divisor of 26 and 798.
2
What is the greatest common factor of 3598 and 112?
14
Calculate the greatest common factor of 20685 and 133770.
105
What is the greatest common factor of 1320 and 466080?
120
Calculate the highest common divisor of 779434 and 42481.
1847
Calculate the greatest common divisor of 7906 and 80594.
118
Calculate the greatest common divisor of 1586 and 244.
122
Calculate the greatest common factor of 21216 and 231387.
663
Calculate the highest common divisor of 1666 and 81668.
34
What is the highest common factor of 101 and 59893?
101
What is the highest common divisor of 1818489 and 2061?
687
What is the highest common divisor of 1336 and 296?
8
What is the greatest common divisor of 10412 and 23294?
38
What is the greatest common divisor of 38503 and 1251?
139
Calculate the highest common factor of 893 and 6517.
19
What is the greatest common factor of 26666 and 8756?
398
What is the highest common divisor of 45 and 12855?
15
What is the greatest common divisor of 3936 and 209879?
41
Calculate the highest common divisor of 264 and 1083288.
24
What is the highest common factor of 475 and 840025?
25
Calculate the highest common factor of 12972 and 59984.
92
Calculate the highest common divisor of 4912 and 8.
8
Calculate the highe